**3 - 2*l**2 + l + 2. Let h(g) = -4*g**3 + 32*g**2 - 34*g + 8. Let y(j) = -h(j) + 3*x(j). Calculate y(37).
-2
Let v(q) = 2*q + 14. Let j = 60 - 67. Let s be j/((-147)/(-14))*(-30)/(-4). What is v(s)?
4
Let n(i) be the second derivative of -i**5/20 + 9*i**4/4 - 17*i**3/2 + 10*i**2 - 11*i + 3. Calculate n(25).
-5
Let x(b) = b**3 + 3*b**2 - 2*b + 1. Let g(i) = i**3 - 24*i**2 + i - 27. Let h be (-680)/(-28) + (-5)/((-70)/(-4)). Let f be g(h). Calculate x(f).
7
Let j(g) be the third derivative of -g**6/120 + g**5/15 + g**4/12 - g**3/3 + 3*g**2 - 34. Let i = -10 + 5. Let y = 8 + i. Give j(y).
13
Let w = 1662/383 + -7/1149. Let v(m) be the first derivative of -m - 3 + w*m**3 + 0*m**2. Determine v(-1).
12
Let b(g) = -127 - 16*g + 126 - 7*g. Determine b(2).
-47
Let a(l) = -157142 - 3*l + l + 157185. Determine a(22).
-1
Let o(z) be the first derivative of -z**3 + 5*z**2/2 + 6*z + 2809. Determine o(5).
-44
Let k(h) = -161*h + 137. Let u(q) = 133*q - 137. Let l(t) = -6*k(t) - 7*u(t). Determine l(-4).
-3
Let c(w) = -1 + 65*w**2 - 88*w**2 - 11 + 4*w + 27*w**2. Give c(-6).
108
Let h be 1 + 7 + -8 + 4. Let q(z) = -z**2 - 8*z + 12. Let y be q(-9). Let x(n) = 3 + 2 - y*n - 1. Determine x(h).
-8
Suppose 2*n - 2 = 2*x, -56*n + 57*n = 9. Let b(u) = -u**2 - 3*u + 41. What is b(x)?
-47
Let a(d) = 76*d**2 + 2 - 67*d - 64*d**2 + 70*d. Calculate a(-1).
11
Let y(j) = 2*j**2 - 1594*j + 179795. Let r be y(136). Let o = 3 - 1. Let v(i) = -4 + i**o + 2 + 2*i - 3*i. Give v(r).
4
Let g(f) = -f - 10. Suppose -5*p = -14*p + 234. Suppose 11*y - 90 = p*y. What is g(y)?
-4
Suppose 475*v - 466*v = 5751. Suppose 0 = 9*x - 612 + v. Let l(q) = 4*q - 2. Give l(x).
-14
Let n(a) = 6*a**2 + 9*a - 6. Let q(j) = -j**2 - j. Let t(d) = n(d) + 5*q(d). Give t(-3).
-9
Let t(w) = -w + 2. Let b(r) = -4*r**3 - r**2 + r + 2. Let f be b(-1). Suppose 12 = -4*a, -v = -f*v + a + 3. Calculate t(v).
2
Let m(l) = -l**3 - 3*l**2 + 25*l + 29. Suppose 0 = 238*u - 239*u - 5*w + 29, 2*u - 4*w + 40 = 0. What is m(u)?
-13
Suppose 2*n - 5*a + 21 = 0, 230*n + a - 15 = 225*n. Let x(f) be the first derivative of 5/3*f**3 + 12 + f + 0*f**n. Calculate x(1).
6
Let l(a) = a**2 + 200*a + 3274. Let j be l(-18). Let f(v) = 5*v**2 - 8*v - 14. Give f(j).
22
Let n(b) be the first derivative of 0*b**3 + 0*b**2 + 188 - 3/4*b**4 - b. Suppose -2*x + 0*x + 3*z + 11 = 0, 4*x + 11 = -5*z. Give n(x).
-4
Let m(b) = -3*b**3 + 101*b**2 + 34*b + 10. Let h be m(34). Let d(r) = -r**2 + 10*r + 8. Give d(h).
8
Let i(g) = -2*g - 2*g + 6*g. Suppose 9 = -3*h, n - 3*h - 2 - 2 = 0. Let o be (17/(-3) - n)/(4/6). Calculate i(o).
-2
Let k(b) = 8*b + 5*b**2 + 19 - b**3 - 37 + 13. Let d be 29/5 + (-5)/(-25). Determine k(d).
7
Let j(z) = z**3 - 5*z**2 + 5*z - 1. Let y(f) = f**3 - f + 1. Let g be y(0). Let d be -1*(-3 + g) + 2. Suppose 7 + 9 = d*b. What is j(b)?
3
Let m be (-37)/4 - 2 - (735/84 - 8). Let f(i) = i**2 - i - 157. Determine f(m).
-1
Let o be 0/(-1) + 0 + 0. Let r = 122 - 112. Let t(u) = -r - 118*u + 59*u - 10 + 60*u. Give t(o).
-20
Let d be (-8)/((-2)/(18/3)). Let v be d/11 - 8/44. Let q(j) = -6*j**v + 2*j**2 + 0*j**2 + 6*j**2 - 1 - j**3. Determine q(1).
0
Suppose 28*a + 7 - 343 = 0. Let p(d) = -a*d**2 + 3*d**3 - d**3 + 7 + 19*d**2 - d**3 + 9*d - 16*d**2. What is p(8)?
15
Let d(p) = p**3 - 6*p**2 - 2*p + 4. Let f be d(6). Let t(i) = -38*i + 3. Let c(s) = 58*s - 6. Let g(u) = 2*c(u) + 3*t(u). What is g(f)?
-19
Let z(w) = -31*w - 26. Suppose 0 = 22*y + 90 - 82 + 102. Give z(y).
129
Let y(f) = -2*f**3 - 3*f**2 - f + 1. Let w(n) = -3*n**3 + 19*n**2 - 54*n + 54. Let b(k) = w(k) - 2*y(k). Calculate b(-27).
-2
Let j(d) = 2*d**2 + 5*d + 1. Let a be j(-3). Suppose -4*w - 5*z + 85 = w, z - 74 = -a*w. Let v = -25 + w. Let f(g) = -g**2 - 4*g + 5. Determine f(v).
-7
Let o(v) = -v**2 + 97*v - 2314. Let i be o(55). Let l(m) = m**3 + 2*m**2 - m - 2. Determine l(i).
-30
Let x = -275 - -263. Let s(h) = 7*h**2 + 85*h + 7. Let p be s(x). Let m(f) = 2*f**2 + 6*f - 4. Calculate m(p).
16
Let q(t) = -5*t**2 + 75*t + 7. Let w(h) = -4*h**2 + 62*h + 7. Let g(m) = 5*q(m) - 6*w(m). Give g(-4).
-35
Let h be 2 + -1 + 0 - (-9 + -5). Let q be (-7 + 4)*(-610)/h. Let o(c) = -4 - q*c**2 - 5*c - 129*c**2 + 253*c**2. Give o(4).
8
Let r(h) be the first derivative of -h**5/120 - 5*h**4/24 - 5*h**3 + 49. Let d(t) be the third derivative of r(t). Determine d(-8).
3
Let p(h) be the second derivative of -h**4/12 + 7*h**3/6 - h**2 + 91*h. Let x be p(3). Let w(q) = q**2 - 12*q + 10. Determine w(x).
-10
Let j(q) = q**2 - 5*q - 96. Let w(u) = -2*u**3 - 12*u**2 + 143*u - 1. Let b be w(6). Determine j(b).
-12
Let u(h) be the third derivative of -h**6/120 + 7*h**5/60 - 7*h**4/24 + h**3/2 - 70266*h**2. Suppose r = -3*r - 8, 4*p + 4*r = 12. Calculate u(p).
18
Suppose -40 = 5*q + t, -q = -t + 39 - 37. Let y(s) = -s**3 - 10*s**2 - 15*s + 4. Give y(q).
-38
Let h = 5090 - 5083. Let c(o) = 2 + 3*o**2 - 2*o**2 - 5*o + 0*o**2. Determine c(h).
16
Suppose -19 = -5*f - c, -3*c + 0 - 18 = 0. Let t(m) = -9*m + 55. Determine t(f).
10
Let g(v) be the first derivative of -1/4*v**4 + 5 + 7/3*v**3 - 3/2*v**2 + 5*v. Determine g(6).
23
Let q = 1009 - 1014. Let h be q*(-9 + 17 - 9). Let a(m) = -m**3 + 5*m**2 + 3*m + 4. What is a(h)?
19
Let a(o) be the first derivative of 1/2*o**2 + 2*o + 24. What is a(-5)?
-3
Suppose 6 = -2*u - 4*x, 3*x + 1 = -u - 6. Suppose u*l - w + 35 = 0, -3*w = w - 20. Let c(n) = -n**2 - 3*n + 8. Determine c(l).
-10
Let d = -252 + 256. Let o(w) = 3 - 14*w + 7*w + d*w. Calculate o(-3).
12
Let y(u) = 2*u**2 + 5*u - 7. Let t(s) = s - 8. Let j(q) = -t(q) + y(q). Let f = 4 + -2. Suppose f*o - 2 + 8 = 0. Calculate j(o).
7
Let d be 3 - (1 + (-8 - -3)). Suppose 3*n - 5*n - 75 = -5*x, 46 = 2*x - 4*n. Let a(f) = -24 + f + d + x + 2*f**2. Give a(3).
17
Suppose 245*w = 264*w - 171. Let t(o) = 2*o**2 - 20*o - 8. Calculate t(w).
-26
Let u(r) be the first derivative of r**4/4 + 8*r**3/3 + 4*r**2 + 10*r + 22. Suppose -x + o - 3 = 1, 1 = 2*x - 5*o. Determine u(x).
3
Suppose 7*y + 31*y + 116 - 344 = 0. Let c(h) = h**2 - 9*h + 18. Calculate c(y).
0
Let v(c) = 12*c - 57 + 888*c**3 - 1582*c**3 + 696*c**3 - 10*c**2. What is v(5)?
3
Suppose -2*m + 4*f - 38 = 0, -7 = m - 139*f + 143*f. Let o(j) = -j**3 - 14*j**2 + 14*j + 11. What is o(m)?
26
Let s(r) = r**3 + 32*r**2 - 16*r + 567. Let d be s(-33). Let k(v) = v - 8. Give k(d).
-2
Let p(k) be the third derivative of 1/24*k**4 + 0*k + 21*k**2 + 3 + 1/3*k**3. Suppose -4 = -4*n, 3*j - 4*n = 2 + 3. Calculate p(j).
5
Let t(u) = 9*u - 28. Suppose 595*v = 175*v + 1260. Give t(v).
-1
Let l = -462 - -461. Let g(i) be the third derivative of -i**5/30 + i**4/24 - 24*i**2. Give g(l).
-3
Let m(h) = -6. Let t(s) = -s - 2. Let p(k) = 3*m(k) + t(k). Let x = -33 - -33. Determine p(x).
-20
Suppose -4*p = -45*k + 49*k, -k = 3*p + 4. Let t(d) be the third derivative of -1/8*d**4 + 0*d**3 + 0 + 0*d + 15*d**k. What is t(-6)?
18
Let k(h) = -10*h - 33. Let p be 90/(-20)*10/(-12)*(-12)/15. What is k(p)?
-3
Let w(o) = 3*o**2 + 337 - 109 - 118 - 110. Suppose -5*n + 9 = 4. Give w(n).
3
Let q(o) be the first derivative of o - 65 - 2/3*o**3 - 1/2*o**2. Give q(2).
-9
Let x(q) = -28*q + 161. Let b(k) = 10*k - 57. Let t(c) = -17*b(c) - 6*x(c). Calculate t(1).
1
Let s(u) = u**3 - 6*u**2 + u + 5. Let x(f) = -f**2 - f + 11. Let l be x(3). Let o(p) = -14*p - 8. Let a be o(l). Calculate s(a).
11
Let p = 2275 + -2274. Let o(a) = -32*a**3 + a**2 - a + 1. Give o(p).
-31
Let y(p) be the first derivative of 7/2*p**2 + 54 + 6*p. Determine y(5).
41
Let z(m) = 16*m. Let r(i) = 5*i - 6*i + 33 - 9. Let j be r(23). What is z(j)?
16
Let l(t) = 10*t**3 + 42*t**2 + 5 - 116*t**2 + 34*t**2 - 11*t**3 + 41*t**2 + 3*t. Determine l(0).
5
Let y(c) = -351*c**2 - 6 + 698*c**2 + 6*c - 348*c**2 - 2*c. Suppose 0 = -5*l - 2 + 22. Calculate y(l).
-6
Let u(b) be the third derivative of 7*b**4/24 - 139*b**3/6 + 12*b**2 - 44*b + 1. Give u(18).
-13
Suppose 540 = 28*j - 55*j. Let a(h) = -h**3 - 21*h**2 - 20*h + 6. What is a(j)?
6
Suppose -2*i = 4*o - 6, -2*o - 27 + 10 = 5*i. Suppose 5*t = o*t. Let k(a) = a**2 - a + 4. Calculate k(t).
4
Let m(l) = -2*l - 3. Suppose -r - 3*r = u - 2, 11 = u + r. Let d(b) = 3*b**2 - 14*b**3 + u*b + 2 + 0 - 12*b + 13*b**3. Let t be d(4). Calculate m(t).
9
Suppose -102*v + 127 = -2*v - 2673. Let x(t) = 